{"id":1390,"date":"2021-09-29T20:56:52","date_gmt":"2021-09-29T20:56:52","guid":{"rendered":"https:\/\/karinehayek.com\/?page_id=1390"},"modified":"2021-12-30T22:48:26","modified_gmt":"2021-12-30T22:48:26","slug":"elle-une-belle-femme","status":"publish","type":"page","link":"https:\/\/karinehayek.com\/?page_id=1390&lang=fr","title":{"rendered":"About us"},"content":{"rendered":"<div class=\"wpb-content-wrapper\"><p>[vc_row cth_layout=&#8221;page_sec&#8221; cth_padding=&#8221;top80-bot0&#8243; col_cen_pos=&#8221;yes&#8221;][vc_column width=&#8221;1\/2&#8243;][vc_single_image image=&#8221;1336&#8243; img_size=&#8221;full&#8221; el_class=&#8221;m-b0-im&#8221;][\/vc_column][vc_column width=&#8221;1\/2&#8243;][archia_section_title title=&#8221;Karine Hayek Germani est&#8221; section_loca=&#8221;&#8221; col_title=&#8221;text-black&#8221;][\/archia_section_title][vc_column_text]une journaliste franco-libanaise ind\u00e9pendante. Apr\u00e8s avoir compl\u00e9t\u00e9 ses stages \u00e0 la WAN-IFRA et au CFPJ (centre de formation professionnel pour journaliste), Karine a \u00e9crit pour la \u00ab Gazette des jeux Francophones \u00bb, a fait des reportages pour ICN TV, a \u00e9crit pour L\u2019Orient Le Jour Junior \/ Campus, et Copains de L\u2019Orient Le Jour comme travaux ant\u00e9rieurs et \u00e9crit actuellement pour L\u2019Orient Le Jour \/ campus, Petit Journal (lepetitjournal.com), Agenda Culturelle Web, et pour divers autres magazines et m\u00e9dias : Que ce soit sur support papier ou web, les nouveaux m\u00e9dias la fascinent par cons\u00e9quent. Avec plusieurs formations entreprises, elle se concentre sur le travail avec et pour les jeunes. Elle croit \u00e0 la positivit\u00e9 et \u00e0 l\u2019impact qu\u2019elle laisserait dans le c\u0153ur des jeunes, ce qui r\u00e9sume sa dynamique de son travail.[\/vc_column_text][cth_btn title=&#8221;View Portfolio&#8221; link=&#8221;url:https%3A%2F%2Fkarinehayek.com%2F%3Fpage_id%3D1147|title:Spli%20Slider&#8221; el_class=&#8221;m-r10&#8243;][\/vc_column][\/vc_row][vc_row cth_layout=&#8221;page_sec&#8221; cth_padding=&#8221;top80-bot0&#8243; col_cen_pos=&#8221;yes&#8221;][vc_column width=&#8221;1\/2&#8243;][archia_section_title title=&#8221;Parall\u00e8lement \u00e0 son parcours de journalisme&#8221; section_loca=&#8221;&#8221; col_title=&#8221;text-black&#8221;][\/archia_section_title][vc_column_text]Karine a d\u00e9velopp\u00e9 son propre style d\u2019expression artistique \u00e0 travers diverses s\u00e9ries d\u2019\u0153uvres d\u2019art. \u00c0 travers des dessins, des peintures, des \u0153uvres multim\u00e9dias et des visualisations en trois dimensions, Karine vous emm\u00e8ne dans diff\u00e9rents parcours de vie mais vous laisse la libert\u00e9 de pens\u00e9e, de vision et de sentiment. Son travail a \u00e9t\u00e9 pr\u00e9sent\u00e9 \u00e0 Nabad.ART et \u00e0 travers une interview avec Arleb :<\/p>\n<blockquote class=\"wp-embedded-content\" data-secret=\"MRfNaNlfey\"><p><a href=\"https:\/\/arleb.org\/art-ma-lucarne-de-liberte\/\">L&#8217;art est ma lucarne de libert\u00e9<\/a><\/p><\/blockquote>\n<p><iframe loading=\"lazy\" class=\"wp-embedded-content\" sandbox=\"allow-scripts\" security=\"restricted\" style=\"position: absolute; clip: rect(1px, 1px, 1px, 1px);\" title=\"&#8220;L&#8217;art est ma lucarne de libert\u00e9&#8221; &#8212; Arleb | Supporting Artists in Lebanon\" src=\"https:\/\/arleb.org\/art-ma-lucarne-de-liberte\/embed\/#?secret=MRfNaNlfey\" data-secret=\"MRfNaNlfey\" width=\"600\" height=\"338\" frameborder=\"0\" marginwidth=\"0\" marginheight=\"0\" scrolling=\"no\"><\/iframe><br \/>\nDe plus, les arts martiaux ont toujours \u00e9t\u00e9 sa passion : Ceinture noire, 4e Dan en Taekwondo, et instructrice d\u2019arts martiaux, Karine transmet aux jeunes les valeurs des arts nobles afin d\u2019avancer en toute confiance[\/vc_column_text][cth_btn title=&#8221;View Portfolio&#8221; link=&#8221;url:https%3A%2F%2Fkarinehayek.com%2F%3Fpage_id%3D404|title:Spli%20Slider&#8221; el_class=&#8221;m-r10&#8243;][\/vc_column][vc_column width=&#8221;1\/2&#8243;][vc_single_image image=&#8221;1337&#8243; img_size=&#8221;full&#8221; el_class=&#8221;m-b0-im&#8221;][\/vc_column][\/vc_row][vc_row cth_layout=&#8221;page_sec&#8221; cth_padding=&#8221;top80-bot0&#8243; col_cen_pos=&#8221;yes&#8221;][vc_column width=&#8221;1\/2&#8243;][vc_single_image image=&#8221;1159&#8243; img_size=&#8221;full&#8221; el_class=&#8221;m-b0-im&#8221;][\/vc_column][vc_column width=&#8221;1\/2&#8243;][archia_section_title title=&#8221;&#8221; section_loca=&#8221;&#8221; col_title=&#8221;text-black&#8221;]<\/p>\n<h3 id=\"tw-target-text\" class=\"tw-data-text tw-text-large XcVN5d tw-ta\" dir=\"ltr\" data-placeholder=\"Translation\"><span class=\"Y2IQFc\" lang=\"fr\">Cr\u00e9er, dessiner et peindre, c&#8217;est avant tout le lien entre le r\u00e9el et l&#8217;irr\u00e9el&#8230;<\/span><\/h3>\n<p>[\/archia_section_title][vc_column_text]Cr\u00e9er, dessiner et peindre est une histoire de connexion entre le r\u00e9el et l\u2019irr\u00e9el.<\/p>\n<p>C\u2019est un c\u00f4t\u00e9 transcendantale entre le visible et le non visible pour remonter vers le cosmos et l\u2019\u00e9nergie qui se veut invisible pour celui qui ne veut voir. Pourtant tout est l\u00e0 pour l\u2019\u0153il avenant!<\/p>\n<p>Les formes, couleurs, \u00e9nergies, vibrations et dessin fractal, tous, et \u00e0 port\u00e9e de main, nous interpellent! \u00c0 nous de nous laisser transposer dans un monde constellaire.<\/p>\n<p>Cette qu\u00eate de l\u2019alignement vers le cosmos et la richesses de l\u2019infini m\u2019interpelle, m\u2019interroge, car elle rejoint la qu\u00eate infinie de l\u2019int\u00e9rieur de l\u2019\u00eatre humain\u2026<\/p>\n<p>Ces d\u00e9ambulements et interrogations se traduisent dans bien de mes oeuvres, que ce soit dans les m\u00e9dias utilis\u00e9s ou dans le geste de la main lors de l\u2019ex\u00e9cution : pr\u00e9cis, sur, r\u00e9gulier, souvent rapide, saccad\u00e9 et \u00e9nerg\u00e9tique. Bien sur l\u2019\u00e9motion s\u2019immisce et la main se l\u00e2che.<\/p>\n<p>\u00c0 se demander si c\u2019est moi qui va vers eux ou bien c\u2019est eux qui viennent![\/vc_column_text][\/vc_column][\/vc_row][vc_row cth_layout=&#8221;page_sec&#8221; cth_padding=&#8221;top50-bot0&#8243;][vc_column][archia_section_title title=&#8221;Pour me contacter&#8221; title_style=&#8221;small&#8221;][\/archia_section_title]\n<div class=\"wpcf7 no-js\" id=\"wpcf7-f428-o1\" lang=\"en-US\" dir=\"ltr\" data-wpcf7-id=\"428\">\n<div class=\"screen-reader-response\"><p role=\"status\" aria-live=\"polite\" aria-atomic=\"true\"><\/p> <ul><\/ul><\/div>\n<form action=\"\/index.php?rest_route=%2Fwp%2Fv2%2Fpages%2F1390#wpcf7-f428-o1\" method=\"post\" class=\"wpcf7-form init\" aria-label=\"Contact form\" novalidate=\"novalidate\" data-status=\"init\">\n<fieldset class=\"hidden-fields-container\"><input type=\"hidden\" name=\"_wpcf7\" value=\"428\" \/><input type=\"hidden\" name=\"_wpcf7_version\" value=\"6.1.5\" \/><input type=\"hidden\" name=\"_wpcf7_locale\" value=\"en_US\" \/><input type=\"hidden\" name=\"_wpcf7_unit_tag\" value=\"wpcf7-f428-o1\" \/><input type=\"hidden\" name=\"_wpcf7_container_post\" value=\"0\" \/><input type=\"hidden\" name=\"_wpcf7_posted_data_hash\" value=\"\" \/>\n<\/fieldset>\n<div class=\"row contact-box\">\n\t<div class=\"col-lg-4 col-md-4 col-sm-12\">\n\t\t<div class=\"form-group\">\n\t\t\t<p><span class=\"wpcf7-form-control-wrap\" data-name=\"your-name\"><input size=\"40\" maxlength=\"400\" class=\"wpcf7-form-control wpcf7-text wpcf7-validates-as-required form-control\" aria-required=\"true\" aria-invalid=\"false\" placeholder=\"Enter your name\" value=\"\" type=\"text\" name=\"your-name\" \/><\/span>\n\t\t\t<\/p>\n\t\t<\/div>\n\t<\/div>\n\t<div class=\"col-lg-4 col-md-4 col-sm-12\">\n\t\t<div class=\"form-group\">\n\t\t\t<p><span class=\"wpcf7-form-control-wrap\" data-name=\"your-email\"><input size=\"40\" maxlength=\"400\" class=\"wpcf7-form-control wpcf7-email wpcf7-validates-as-required wpcf7-text wpcf7-validates-as-email form-control\" aria-required=\"true\" aria-invalid=\"false\" placeholder=\"Your Email Address\" value=\"\" type=\"email\" name=\"your-email\" \/><\/span>\n\t\t\t<\/p>\n\t\t<\/div>\n\t<\/div>\n\t<div class=\"col-lg-4 col-md-4 col-sm-12\">\n\t\t<div class=\"form-group\">\n\t\t\t<p><span class=\"wpcf7-form-control-wrap\" data-name=\"your-phone\"><input size=\"40\" maxlength=\"400\" class=\"wpcf7-form-control wpcf7-tel wpcf7-validates-as-required wpcf7-text wpcf7-validates-as-tel form-control\" aria-required=\"true\" aria-invalid=\"false\" placeholder=\"Phone\" value=\"\" type=\"tel\" name=\"your-phone\" \/><\/span>\n\t\t\t<\/p>\n\t\t<\/div>\n\t<\/div>\n\t<div class=\"col-lg-12 col-md-12 col-sm-12\">\n\t\t<div class=\"form-group\">\n\t\t\t<p><span class=\"wpcf7-form-control-wrap\" data-name=\"your-message\"><textarea cols=\"40\" rows=\"10\" maxlength=\"2000\" class=\"wpcf7-form-control wpcf7-textarea wpcf7-validates-as-required form-control\" aria-required=\"true\" aria-invalid=\"false\" placeholder=\"Your message here\" name=\"your-message\"><\/textarea><\/span>\n\t\t\t<\/p>\n\t\t<\/div>\n\t<\/div>\n\t<div class=\"col-md-12 col-sm-12 text-center\">\n\t\t<p><button name=\"submit\" type=\"submit\" value=\"Submit\" class=\"btn radius-xl btn-lg outline outline-2 black btn-aware\">Send Message<span><\/span><\/button>\n\t\t<\/p>\n\t<\/div>\n<\/div><div class=\"wpcf7-response-output\" aria-hidden=\"true\"><\/div>\n<\/form>\n<\/div>\n[\/vc_column][\/vc_row]<\/p>\n<\/div>","protected":false},"excerpt":{"rendered":"<p>[vc_row cth_layout=&#8221;page_sec&#8221; cth_padding=&#8221;top80-bot0&#8243; col_cen_pos=&#8221;yes&#8221;][vc_column width=&#8221;1\/2&#8243;][vc_single_image image=&#8221;1336&#8243; img_size=&#8221;full&#8221; el_class=&#8221;m-b0-im&#8221;][\/vc_column][vc_column width=&#8221;1\/2&#8243;][archia_section_title title=&#8221;Karine Hayek Germani est&#8221; section_loca=&#8221;&#8221; col_title=&#8221;text-black&#8221;][\/archia_section_title][vc_column_text]une journaliste franco-libanaise ind\u00e9pendante. Apr\u00e8s avoir compl\u00e9t\u00e9 ses stages \u00e0 la WAN-IFRA et au CFPJ (centre de formation professionnel pour journaliste), Karine a \u00e9crit pour la \u00ab Gazette des jeux Francophones \u00bb, a fait des reportages pour ICN TV, a \u00e9crit &hellip; <\/p>\n","protected":false},"author":1,"featured_media":0,"parent":0,"menu_order":0,"comment_status":"closed","ping_status":"closed","template":"home-page.php","meta":{"nf_dc_page":"","om_disable_all_campaigns":false,"_monsterinsights_skip_tracking":false,"_monsterinsights_sitenote_active":false,"_monsterinsights_sitenote_note":"","_monsterinsights_sitenote_category":0,"footnotes":""},"class_list":["post-1390","page","type-page","status-publish","hentry"],"aioseo_notices":[],"jetpack_sharing_enabled":true,"_links":{"self":[{"href":"https:\/\/karinehayek.com\/index.php?rest_route=\/wp\/v2\/pages\/1390","targetHints":{"allow":["GET"]}}],"collection":[{"href":"https:\/\/karinehayek.com\/index.php?rest_route=\/wp\/v2\/pages"}],"about":[{"href":"https:\/\/karinehayek.com\/index.php?rest_route=\/wp\/v2\/types\/page"}],"author":[{"embeddable":true,"href":"https:\/\/karinehayek.com\/index.php?rest_route=\/wp\/v2\/users\/1"}],"replies":[{"embeddable":true,"href":"https:\/\/karinehayek.com\/index.php?rest_route=%2Fwp%2Fv2%2Fcomments&post=1390"}],"version-history":[{"count":5,"href":"https:\/\/karinehayek.com\/index.php?rest_route=\/wp\/v2\/pages\/1390\/revisions"}],"predecessor-version":[{"id":1446,"href":"https:\/\/karinehayek.com\/index.php?rest_route=\/wp\/v2\/pages\/1390\/revisions\/1446"}],"wp:attachment":[{"href":"https:\/\/karinehayek.com\/index.php?rest_route=%2Fwp%2Fv2%2Fmedia&parent=1390"}],"curies":[{"name":"wp","href":"https:\/\/api.w.org\/{rel}","templated":true}]}}